ose 2*o = -0*o + d. List the prime factors of o.
2
What are the prime factors of 963 + 7 + 7 + 0?
977
List the prime factors of 12/20 + 2 + (-123669)/(-35).
2, 13, 17
Let o = -116 - -348. What are the prime factors of o?
2, 29
Suppose -3*i - i = -692. Suppose -3*o + 141 = 3*j + 30, -5*j = -o - i. Suppose 4*d - 4*l - j = -11, -d - 3*l = -18. List the prime factors of d.
3
Suppose 5*t + 3*r - 28 - 29 = 0, 5*t - 49 = -r. Let a be 3/(-2)*(-12)/t. Suppose d - 13 = a*n, -3*d = -4*d + n + 8. What are the prime factors of d?
3
Suppose -20 = 5*n + 5*p, 5*n - 3*p + 2*p = -8. Let q = 2 - n. Suppose 8 = -0*r - 2*r, -q*u - r + 156 = 0. List the prime factors of u.
2, 5
Let k(y) = -y + 42. List the prime factors of k(12).
2, 3, 5
What are the prime factors of (-5 + 3 - -6)/((-32)/(-12240))?
2, 3, 5, 17
Suppose 26*w - 25*w - 63 = 0. List the prime factors of w.
3, 7
What are the prime factors of (1525 + 3)*(-5)/(-20)?
2, 191
Let y be ((-166)/(-4))/((-7)/112). What are the prime factors of y/(-10) + (18/5 - 4)?
2, 3, 11
Suppose 0 = 3*z + 42 - 0. Let s = z + 11. Let c(r) = -8*r + 5. List the prime factors of c(s).
29
Suppose 34*f - 30*f = 88. Let q = f + 50. List the prime factors of q.
2, 3
Let c(z) = 38*z**2 + 5*z - 7. List the prime factors of c(-4).
7, 83
Let b(c) = 2*c**2 - 11 - 4 + 29 - 19*c. List the prime factors of b(12).
2, 37
Let k(o) = 86*o**3 + 10*o**2 - 10*o + 9. What are the prime factors of k(4)?
43, 131
Let t(v) be the first derivative of v**3 + 7*v**2/2 - 12*v - 11. List the prime factors of t(-5).
2, 7
Let z(x) = -84*x - 13. Let u be z(4). Let w = 496 + u. List the prime factors of w.
3, 7
Let z = 2886 - 1624. List the prime factors of z.
2, 631
Suppose 4*u + 5*x = -6 + 17, -5*x - 25 = 0. Suppose 3 = -3*c + u. Suppose 57 = r + c*r. List the prime factors of r.
19
Suppose 0 = 8*y - 2*y - 18. Suppose 0*f + 4*p = -y*f - 52, f - 4*p = -12. Let h = f - -50. What are the prime factors of h?
2, 17
Suppose -59*k - 590 = -64*k. Let n = k - 13. List the prime factors of n.
3, 5, 7
Let c(a) = 1531*a**2 - a - 2. Let w be c(-1). Suppose 8*i = -2*i + w. List the prime factors of i.
3, 17
Suppose 4*w - w - 435 = 0. Suppose 6*l - l - 157 = 2*o, 0 = 5*l - 5*o - w. List the prime factors of l.
3, 11
Suppose 2*h + 6 = -4. Let f be (h + 3)*(-3)/2. What are the prime factors of -2 + f + -1 - -20?
2, 5
List the prime factors of 792/10*(-66 - -11)/(-11).
2, 3, 11
Let b be (696/(-30))/(4/(-10)). Let y = b + 86. What are the prime factors of y?
2, 3
Let r = -90 - -93. Suppose -124 = 2*i - 3*i + 4*w, w - r = 0. List the prime factors of i.
2, 17
Let d be -1*(-2 - 4) + -4. Suppose 0 = -6*q - 20 + d. What are the prime factors of 2/(-6) - 13/q?
2
Let c = 5193 + -2512. List the prime factors of c.
7, 383
Let a = -18 + 19. Let i = 4 - a. Suppose 0 = 5*n - 4*m + 2, 0 = 2*m + i*m - 15. What are the prime factors of n?
2
Suppose -69 = 5*c + 66. Let x = -10 + 11. List the prime factors of 1*(x + (-1 - c)).
3
Let r(u) = -165*u - 13. What are the prime factors of r(-11)?
2, 17, 53
Let d(m) = -m**3 - 12*m**2 - 12*m - 6. Let y be d(-11). Suppose 7 = -y*t + 22. Suppose 0 = 3*u - 8*u + 2*g + 37, 3 = -t*g. List the prime factors of u.
7
Let d = 25 + -39. Let x = 14 + d. Suppose -2*o = -x*o - 16. What are the prime factors of o?
2
Suppose 4*n + 3*b - 31 = -0*b, 0 = 5*n + 4*b - 40. Let z(q) = q**2 - 4*q. Let u be z(n). Let g = 2 + u. What are the prime factors of g?
2
Let d = -15 - -9. Let p(h) = 18*h + 142. Let q be p(-7). Let g = q + d. List the prime factors of g.
2, 5
Let l(w) = 3*w**2 + 11*w - 17. List the prime factors of l(-14).
3, 139
Let b = -15 - -43. Let n(z) = -z**3 - 8*z**2 + 9*z - 7. Let i be n(-9). Let h = i + b. List the prime factors of h.
3, 7
Suppose -37*h = -15*h - 12540. What are the prime factors of h?
2, 3, 5, 19
Let u(t) = 2*t**3 + 8*t**2 - 7*t + 5. Let w be u(-5). Let y = 23 + w. List the prime factors of y.
13
Let t(u) = u. Let k be t(4). Suppose -130 - 54 = k*o. Let l = -12 - o. What are the prime factors of l?
2, 17
Suppose -30 = 2*x - 24. List the prime factors of 235 - -7 - x/(-3).
241
Let t(r) be the second derivative of -2*r**3 - 11*r**2/2 - 37*r. What are the prime factors of t(-3)?
5
Suppose 5*f = -8 - 2, -4*g - f = 230. Let p = g + 7. Let a = p + 82. List the prime factors of a.
2
Let b = 53 + -37. Let s = -1 + -2. Let y = b - s. List the prime factors of y.
19
Let v(r) = r**2 + 3. Let a be v(0). Suppose 2*i - 7*f + 24 = -3*f, -34 = a*i - 5*f. Let x(d) = -d**3 - 8*d**2 - 4*d - 9. List the prime factors of x(i).
23
Let j(q) = 17*q + 329. List the prime factors of j(20).
3, 223
Suppose -5*y + 0*u - 315 = 4*u, -y - u - 63 = 0. Let p = 90 + y. List the prime factors of p.
3
Suppose -9*o + 5*o = k - 460, 0 = k - 4*o - 428. What are the prime factors of k?
2, 3, 37
Let o = 213 + -298. Let r = -39 - o. List the prime factors of r.
2, 23
Let w = 8 - -12. Suppose -5*a - w = -a. Let i = 10 - a. List the prime factors of i.
3, 5
Suppose 2*c = 4*c - 5*a - 1299, 0 = -a + 5. What are the prime factors of c?
2, 331
Let w(i) = i**3 + 11*i**2 + 3*i - 13. Suppose z = 5 - 15. What are the prime factors of w(z)?
3, 19
Let d = 173 - -101. What are the prime factors of d?
2, 137
Let x(q) = q + 2. Let y(j) = 2*j**2 - 18. Let c(v) = 5*x(v) + y(v). Let o(l) = l - 1. Let a be o(-5). What are the prime factors of c(a)?
2, 17
Let u be (-3)/2*1672/33. Let s = 377 - u. Suppose -s + 178 = -5*h. What are the prime factors of h?
5, 11
What are the prime factors of -291*4/(-12)*1*4?
2, 97
Suppose -22*j = -3*j - 7904. What are the prime factors of j?
2, 13
Suppose 9 = -9*x + 12*x. Let o be (4/(-2))/(1/(-2)). Suppose -x*g - o*h + 67 = 0, -3*g - g + 96 = 2*h. What are the prime factors of g?
5
Suppose 0 = 7*g - 4838 - 2029. List the prime factors of g.
3, 109
Suppose -3*i + 5*f = -132 + 26, -2*f + 17 = i. Suppose -i*k = -12*k - 4485. List the prime factors of k.
13, 23
Suppose 0*d = -d + x, 0 = 4*d + 2*x. Suppose -b = -d - 8. Suppose -296 - 48 = -b*c. List the prime factors of c.
43
List the prime factors of (-81)/36 - (-37416)/32.
3, 389
Suppose -v + 3*g + 16 = 7*g, -16 = -4*v - 4*g. Suppose v*j - b + 74 = 2*j, 3*j - 104 = 2*b. What are the prime factors of j?
2, 3
Let r(c) be the third derivative of -c**6/120 + 2*c**5/15 - 7*c**4/24 + c**3/6 + 7*c**2. Let y be r(7). What are the prime factors of 6/y*7/2?
3, 7
Let c(n) = -43*n + 9. Suppose 2*b + 36 = -4*b. What are the prime factors of c(b)?
3, 89
Suppose 0 = -5*v - 4*b + 4000 - 1005, -5*b - 2355 = -4*v. What are the prime factors of v?
5, 7, 17
Let l = 1401 + -868. Let k = -276 + l. List the prime factors of k.
257
Suppose -12 = -3*h - h. Suppose 0*m - 5*l = 3*m - 5, -m - 3*l + h = 0. Let u = 2 + m. What are the prime factors of u?
2
Suppose -4*a - 1 = -i + 7, 3*a - 6 = 0. Suppose 0*j - j + 5*w = -i, -2*w = -4. Suppose j*v - 31*v = -205. List the prime factors of v.
41
Suppose 2*s + 0 = -2, 0 = -3*k + 3*s + 759. Suppose 4*b = k + 20. What are the prime factors of b?
2, 17
Suppose 0 = -3*a + 5*q + 423, 84 + 182 = 2*a + 2*q. Suppose -56*d + a = -54*d. List the prime factors of d.
2, 17
Let k(d) = 3*d**2 + 5*d - 9. Let a be k(-8). Let z = a - 29. What are the prime factors of z?
2, 3, 19
Let s = -377 + 209. List the prime factors of (-130)/39*s/10.
2, 7
List the prime factors of ((-103400)/(-160) - 3/(-4)) + -7.
2, 5
List the prime factors of (-28)/70 + (-82446)/(-15) + 3.
3, 13, 47
Let v(i) = 136*i + 16. What are the prime factors of v(4)?
2, 5, 7
Let z(h) = -98*h + 19. What are the prime factors of z(-5)?
509
Suppose 0 = -b + 5*b - 4*v - 36, 4*b - 36 = 3*v. Suppose 5*c - b*c + 32 = 0. What are the prime factors of c?
2
Suppose 4*r + 5*i = 1181, 293 = r - 4*i + 6*i. List the prime factors of r.
13, 23
Suppose 4*j - 3*w - 3761 = 0, 0*j + 4*w = j - 924. What are the prime factors of j?
2, 59
Let u be 1/(2 - (-294)/(-148)). Suppose v + 30 + 16 = 0. Let i = v + u. List the prime factors of i.
2, 7
Let p(c) = c**3 + 4*c**2 + 6*c + 35. List the prime factors of p(7).
2, 7, 11
Suppose 426 + 417 = 3*w. Let c = w - 120. Let g = -111 + c. What are the prime factors of g?
2, 5
Let m(c) = -c**3 - 9*c**2 - 8*c + 3. Let l be m(-8). Let i(z) = -z + l*z - 5*z - 3*z - 3. What are the prime factors of i(-6)?
3, 11
Suppose u - 3*d = -0*u - 10, 3*d +